. Let s be l(-10). Let d(k) = -5 + k + s + 5*k**3 - k**3. Determine d(-1).
-4
Let x(a) = a**3 - 6*a + 5. Suppose 121 = -5*r + 131. What is x(r)?
1
Suppose -13 + 43 = 5*k. Let i(y) = -3*y**2 + 24*y - 11. Let p(q) = 2*q**2 - 16*q + 7. Let x(v) = 5*i(v) + 7*p(v). Determine x(k).
6
Suppose -14 = x + 2*d, -x + 23 = -3*x - 3*d. Let p = 7 + x. Let h(g) = 2*g - 10*g + 0 + 4 + 6*g. Give h(p).
-2
Let u(r) = -r**2 - r - 4. Let v be (20/15)/((-6)/(-36)). Suppose -5*f - 5*a = -17 - 18, 0 = a + 1. Let s = f - v. Give u(s).
-4
Let m(a) = -a**2 + 1. Let t be (-32)/(-20) + (-6)/(-15). Suppose -3 = t*l - s - 1, -l - s = -5. Suppose -2*g + l = 5*v - 15, 5*g - 6 = -4*v. Calculate m(g).
-3
Suppose 4*c + 11*a - 6*a = -33, 3*c - 3*a = -18. Let j(n) = n**3 + 7*n**2 + n + 4. Give j(c).
-3
Let w(a) = -a. Suppose -48 = 5*b - 3*d, 6 = 2*b - 2*d + 26. Give w(b).
9
Suppose -k + 4 = -3*l - 20, 4*l = -3*k + 85. Suppose 9 = -v + 4*v, -k = -4*h + 3*v. Let g(s) = s**2 - 7*s - 11. Give g(h).
7
Let h(k) be the second derivative of 13*k**5/60 + k**4/24 + k**3/6 - 13*k**2/2 - 10*k. Let b(r) be the first derivative of h(r). What is b(-1)?
13
Let v = -8 + 10. Suppose k + 3*j + 3 = 0, -5*k = -v*k + j - 15. Let i(w) = -w**3 + 7*w**2 - 7*w + 2. Calculate i(k).
-4
Suppose -5*c - 1 - 4 = -5*k, 1 = 2*c - k. Let u(x) = x**2 - 6*x + 4. Let m be u(c). Let w(n) = -3*n - 5. What is w(m)?
7
Let b(d) be the second derivative of -7*d**3/3 + 7*d**2/2 - 45*d + 3. Determine b(4).
-49
Let j = -14 + 17. Let c(t) = -j - 3 + 1 - t. What is c(-5)?
0
Suppose 66*z = 67*z - 2. Let j(s) = -2*s**2 + s + 2. What is j(z)?
-4
Suppose 0 = -i - 1 + 4. Let b(t) = 2*t**2 + 17*t - t**2 - 17*t - 7*t**i - 1. Let a = -3 + 4. Calculate b(a).
-7
Suppose -3*r = 6 - 30. Let l(p) = -3 - 2*p**2 - 5 + r + p. Determine l(-2).
-10
Let y(n) = -n**2 + 8*n - 7. Let j be y(7). Suppose j = 4*c + 4*v, 0 = 2*c + v + 7 - 3. Let o(z) = 3*z**2 + 6 - 3*z + 2*z + z**3 + 2 - 5. Calculate o(c).
-9
Let a(h) = -2*h**2 - 2*h. Let l(d) = 9*d**2 + 20*d - 9. Let b(g) = -4*a(g) - l(g). Give b(-11).
20
Suppose -64 = -4*i - 4*a, 0 = 2*i - 0*i + 3*a - 36. Let g(y) = -y - i + y + y. Let k = -6 + 12. Calculate g(k).
-6
Let d(m) = -2*m - 4*m - 3 + m**3 + 8*m - 8*m**2 - 8. Give d(8).
5
Let u(g) = -g**2 - 6*g + 7. Let f = 66 + -73. Let m be u(f). Let p(q) = -q + 7. Give p(m).
7
Let u(n) = 18*n - 5 + n**2 - 9*n - 7*n. Suppose -5*h + 3*o + 0 - 5 = 0, -2*o = -2*h + 2. Calculate u(h).
3
Suppose -2*o - 22 = 16. Let l = -13 - o. Let n(v) = -v**2 + 4*v - 3. What is n(l)?
-15
Let x(l) be the first derivative of -l**4/4 - 19*l**3/3 + 19*l**2/2 - 20*l + 209. Give x(-20).
0
Let w(u) be the first derivative of -u**4/4 + 3*u**3 - 7*u**2/2 - u + 5. Determine w(8).
7
Let d(z) = -4*z + 3. Let p be (14/14)/(2/8). Suppose -4*f + 8 = -p. Let n be (-3)/(60/(-16) + f). Give d(n).
-13
Let t be 79/7 - ((-12)/14)/(-3). Let f = -2 - -22. Suppose 16*n - t*n = f. Let d(h) = -h - 2. What is d(n)?
-6
Let o(a) = 33*a + 991. Let z be o(-30). Let y(l) = 9*l**3 - 4*l**2 + 2*l - 1. Calculate y(z).
6
Let t(j) be the third derivative of -j**5/20 + 28*j**2. What is t(-1)?
-3
Suppose 49*w - 59*w - 40 = 0. Let v(p) = -2*p**2 - 7*p. Determine v(w).
-4
Suppose r + 2 - 28 = -5*c, -3*c + 38 = -5*r. Let i(v) = 7*v + 6*v - 23*v + c + 8*v. Calculate i(4).
-2
Let w(a) = -a**2 + 3*a + 17. Let o be (-25)/(-2)*-8*(-6)/120. What is w(o)?
7
Let y(x) = -2*x - 7. Let w = -26 + 39. Suppose -w = g - 6. Let q be 15/(-105) - (-41)/g. Determine y(q).
5
Let q(a) be the first derivative of 15*a**4/4 + a**3/3 - a + 52. Let r(n) = -n + 10. Let x be r(9). Calculate q(x).
15
Let u be (-40)/(-18) + 2/(-9). Suppose 12*o - 17*o + 65 = 0. Suppose -3 = u*q - o. Let b(h) = -h**3 + 6*h**2 - 7*h - 1. Determine b(q).
-11
Let t(o) = o - 2. Let w(b) = b**3 + 8*b**2 - 10*b - 5. Let l be w(-9). Suppose -l*n + 7 = -1. Let k be (-1 + n)*0 - 6. Calculate t(k).
-8
Suppose 0 = -11*f + 46*f - 700. Let l(a) = -a**3 + 21*a**2 - 19*a - 16. Give l(f).
4
Let c be (1/3)/(1/(-3)). Suppose 2*a - 3 = -2*l + 11, 2*a - 5 = l. Let m(q) = 5*q**3 + 0 + a*q**3 - 1. Give m(c).
-10
Let t(i) be the first derivative of -11*i**2/2 + 2*i + 1. Let l(p) = -23*p + 3. Let k(b) = -3*l(b) + 5*t(b). Give k(1).
15
Suppose -113 + 146 = -11*v. Let k(q) = -q - 1. Calculate k(v).
2
Let o(i) = -9*i + 9*i + 8*i - 2 - 4*i. Give o(-4).
-18
Let x(s) = -s**3 - 11*s**2 - 9*s + 11. Suppose 90 = 10*v - 7*v. Suppose -20*a = -17*a + v. Calculate x(a).
1
Let n(y) = -y + 1. Let u be n(5). Let m be ((-3)/(-12))/(u/(-32)). Suppose -4*v - 4*w - 18 = -w, -10 = v - m*w. Let z(c) = -c**2 - 4*c + 6. What is z(v)?
-6
Let q(j) = -j**2 + 8*j + 4. Let g = 681 + -675. Calculate q(g).
16
Let q(o) = -o**3 - 10*o**2 + o + 12. Let r = 239 + -249. Give q(r).
2
Let h(u) be the second derivative of u**3/6 - 2*u**2 + 2*u. Suppose -2*v - 29 = 13. Let z be (-1)/(-2) - v/(-6). Give h(z).
-7
Let p = 13 - 10. Let i be ((-4)/(-12))/(p/(-27)). Let f(x) = -x + 3*x**2 - 3 + x**3 + 5*x**2 - 4*x**2. Calculate f(i).
9
Let s(t) be the second derivative of t**5/20 - t**4/2 - 3*t**3/2 + 11*t**2/2 - t - 95. Give s(7).
-3
Suppose 1 - 10 = -3*q. Let g(j) = j + j**2 + j**2 + 31 + j**3 - q*j**2 - 34. Determine g(0).
-3
Let u(i) be the first derivative of 1/2*i**2 + i - 16 + 4/3*i**3. Suppose b - 3 = 4*b. Give u(b).
4
Let o(m) = -m**3 + 8*m**2 - 5*m - 10. Let i(l) = -4*l - 25. Let n(h) = -16*h - 99. Let q(f) = -9*i(f) + 2*n(f). Let p be q(-5). Give o(p).
4
Let b(o) be the second derivative of 0 - 1/12*o**4 - 3/2*o**3 + 12*o + 0*o**2. Give b(-8).
8
Let r(p) = -p**3 - 15*p**2 - 15*p - 19. Suppose 2*k + 48 = -4*j, -k + 5*j = 2*k + 17. Calculate r(k).
-5
Let b(z) = 7*z**2 - 6*z + 2. Let j(i) = -8*i**2 - i - 1. Let c(x) = -4*b(x) - 3*j(x). Give c(7).
-12
Let c(t) = t**3 + 6*t**2 - 7*t + 5. Let r be ((-4)/5 + (-210)/(-200))*-28. Determine c(r).
5
Let x(c) = 2*c - 8. Suppose -g = 4*k - 13, 5*k + 2*g - 20 = -0*g. Let s be k*3*(6 + -7). Determine x(s).
-20
Suppose -5*k = 0, -3*m + m = 4*k + 4. Let s be 2/24*m + 74/12. Let h(t) be the second derivative of -t**4/12 + 2*t**3/3 + 2*t**2 + 4*t. What is h(s)?
-8
Let r = -13 - -20. Let a(f) = -r*f - 9*f + 3*f. Let u = 935 - 936. Give a(u).
13
Let u(i) = -3*i - 22. Let g be u(-8). Let q(t) = t**2 - 4. What is q(g)?
0
Let c(g) be the second derivative of -g**5/10 - g**4/3 - g**3/2 - g**2/2 + g + 24. What is c(-2)?
5
Let l(a) = -3*a - 4. Let c be 38/2 + 2/2 - 3. Let z(r) = 9*r + 11. Let t(n) = c*l(n) + 6*z(n). Give t(-2).
-8
Suppose -3*t + 11 - 29 = 0. Let a(n) = -n + 1. Let g(m) = m**3 + 7*m**2 + 8*m - 9. Let s(x) = 5*a(x) + g(x). Give s(t).
14
Suppose l = -1710 + 1704. Let i(b) be the first derivative of b**2/2 + 6*b - 1. Give i(l).
0
Let y(i) = -i**3 + i**2 + i - 9. Let b = -905 - -905. Calculate y(b).
-9
Suppose -o - 8*t = -37, o - t - 3 + 11 = 0. Let j(z) = z**3 + 6*z**2 + 4*z + 7. Calculate j(o).
22
Let q = -29 + 29. Let v(k) = 13*k + q + 1 - 14*k + 0. Calculate v(-3).
4
Let v(d) = -d**3 + 10*d**2 + d - 12. Suppose 3*n + 137 = 167. Give v(n).
-2
Let f(g) be the first derivative of g**4/4 + 3*g**3 + 5*g + 57. What is f(-9)?
5
Suppose 0 = 5*m - 3*i - 28, i + 13 = 3*m + 3*i. Let c(z) = 5 + z**3 - m*z + 7*z**2 - 2*z**3 - 2*z. Let f be (-2 + 16)*123/287. Determine c(f).
-1
Let r(c) be the third derivative of -c**6/120 + c**5/20 - c**4/24 - c**2 - 37. Calculate r(1).
1
Let y(x) = 3*x - 3075 + 3074 + x. Determine y(2).
7
Suppose -2*k = -4*k. Let l(q) = q**2 + 4*q - 2*q**2 + k*q**2 + 4. Let m be ((-105)/(-5))/168 + (-78)/(-16). Calculate l(m).
-1
Let m(a) = 5*a**2 + 8*a - 4. Let y(d) = -3*d**2 - 3*d + 4. Let c(q) = -2*m(q) - 3*y(q). Let u(s) = s**3 - s. Let i be u(-2). Calculate c(i).
2
Let k = 28 - 27. Let h(p) be the first derivative of 7*p**4/12 + 3*p - 2. Let g(b) be the first derivative of h(b). Calculate g(k).
7
Let l(c) = 2*c - 51*c**2 + c**3 - 9*c + 47*c**2 - 2. Let o = 25 - 30. Let j(t) = -4*t - 15. Let m be j(o). What is l(m)?
-12
Let m(o) = -46*o - 15. Let t(p) = 22*p + 7. Let x(a) = 6*m(a) + 13*t(a). Determine x(3).
31
Let h(r) be the second derivative of r**4/12 + 2*r**3/3 - 5*r**2/2 - 4*r. Let f be h(-4). Let d(q) be the first derivative of q**2/2 + 9*q - 2. Determine d(f).
4
Let g(z) = 2*z - 4*z - 7*z + 3*z - 11. Let d(b) = -9*b - 17. Let c(u) = 5*d(u) - 8*g(u). Determine c(3)